10111001010111001100?
-1010111001010111001110
In base 11, what is 7433852 - 11?
7433841
In base 7, what is 103613565 - 6?
103613556
In base 11, what is 32568 + -143a?
31129
In base 6, what is 13255 + -355234?
-341535
In base 12, what is 1692b3a1 + -3?
1692b39a
In base 10, what is 222309 + -1303?
221006
In base 14, what is a64555dd - 5?
a64555d8
In base 2, what is 10001110001011110 - -101100?
10001110010001010
In base 13, what is -184a1 - 177?
-18648
In base 13, what is -5716c + -1435?
-585a4
In base 7, what is 221311506 - -36?
221311545
In base 15, what is -11b + -9b381?
-9b49c
In base 13, what is -14401 + -9b?
-1449c
In base 8, what is -60767457 + 5?
-60767452
In base 12, what is 65106 + -47?
6507b
In base 2, what is -11100100000110001101101 - 1000?
-11100100000110001110101
In base 5, what is 13324040 - 4?
13324031
In base 4, what is 1122 - 132200231030?
-132200223302
In base 3, what is -1020 - -1020202002201111?
1020202002200021
In base 2, what is -10001001 - 1000110001010101001?
-1000110001100110010
In base 9, what is -26 + 128053623?
128053586
In base 9, what is 260 + -1007705?
-1007435
In base 15, what is -14b - 27?
-173
In base 3, what is 11001122201 - 200100112?
10101022012
In base 7, what is -2 - -443306243?
443306241
In base 3, what is 20 - -1121022220220200?
1121022220220220
In base 9, what is 814717 - -32?
814750
In base 5, what is 10 - 1101202224?
-1101202214
In base 9, what is 428885 - 17?
428867
In base 13, what is -1130552 + a?
-1130545
In base 13, what is 96c + 6a9?
1348
In base 9, what is 453380 - -11?
453401
In base 3, what is -122 - 1120200112?
-1120201011
In base 14, what is 1085 - -b73a?
c7c1
In base 14, what is -7 + -934a45?
-934a4c
In base 14, what is 1b996 + 37?
1b9cd
In base 7, what is -23355 + -5?
-23363
In base 10, what is 1436325 - 44?
1436281
In base 6, what is -112040 - 111331?
-223411
In base 16, what is 60275ef - 4?
60275eb
In base 8, what is 20171151 + -44?
20171105
In base 5, what is 10133221330 - 23?
10133221302
In base 3, what is 100110122 + 112211110?
220022002
In base 6, what is -1 + -2501035142?
-2501035143
In base 12, what is 0 - -310445b?
310445b
In base 5, what is 341140333104 - -10?
341140333114
In base 12, what is 9 + -b4ab5?
-b4aa8
In base 4, what is -1210000230 - 10?
-1210000300
In base 3, what is -22220112120112001 - -12?
-22220112120111212
In base 12, what is 40 + -8097?
-8057
In base 5, what is -3 - 11244033212?
-11244033220
In base 2, what is 1111101000000 + 1011000011001100?
1101000000001100
In base 13, what is 5 + -50152030?
-50152028
In base 8, what is 2724 - -46761?
51705
In base 10, what is -170156 + 69?
-170087
In base 12, what is -5 + -6386871?
-6386876
In base 8, what is -565654077 - -4?
-565654073
In base 11, what is -3100 + -1067a2?
-1098a2
In base 2, what is 1 - -1001110010011101110?
1001110010011101111
In base 11, what is -1 + -42276699?
-4227669a
In base 14, what is -2ac3c53 - -9?
-2ac3c48
In base 5, what is 210032223 + 112?
210032340
In base 3, what is -1121220122121 + -11?
-1121220122202
In base 12, what is -2a156948 + 5?
-2a156943
In base 6, what is -2321050 + 12?
-2321034
In base 9, what is 27 - 5325278?
-5325251
In base 9, what is 3 - 17204555?
-17204552
In base 3, what is -2211011100211 - -2000?
-2211011021211
In base 13, what is a15 - -1a157?
1ab6c
In base 5, what is -2 + -11122104231?
-11122104233
In base 4, what is 1213 - -130130021?
130131300
In base 10, what is 6 + 7371700?
7371706
In base 11, what is -2a8 - 284a2a?
-285227
In base 15, what is -6c7079 + -5?
-6c707e
In base 7, what is 54 + 32315054?
32315141
In base 15, what is dddb - -4c?
de38
In base 5, what is -10 + 10013303?
10013243
In base 7, what is -1050464 - -2625?
-1044536
In base 12, what is b54043 - -a?
b54051
In base 14, what is -d334a - -10?
-d333a
In base 5, what is -10 - 1001102240?
-1001102300
In base 7, what is -63230514 + -1?
-63230515
In base 13, what is 6b5bbb0 - -4?
6b5bbb4
In base 6, what is -133 - -2042041?
2041504
In base 4, what is 12131301 - 12130?
12113111
In base 14, what is -4 - 795ab8?
-795abc
In base 3, what is 221121102111102002 - -1?
221121102111102010
In base 4, what is -13211 - -1003332?
330121
In base 2, what is -1111001011011 - 1000011110011?
-10111101001110
In base 3, what is -12010010 - -120211012?
101201002
In base 11, what is -3 - -248996a4?
248996a1
In base 9, what is 4 - -575517?
575522
In base 6, what is -323402433153 - -2?
-323402433151
In base 14, what is -1 + 3d88702?
3d88701
In base 16, what is e286b + 9?
e2874
In base 2, what is 11101 + -10100100101001000001011?
-10100100101000111101110
In base 14, what is 353 - -18b70?
190c3
In base 16, what is -17f14 - -90a?
-1760a
In base 3, what is 100 - -11020120102210?
11020120110010
In base 4, what is -11 - -12121021033?
12121021022
In base 10, what is 2 + 16477728?
16477730
In base 16, what is -78de058 + 3?
-78de055
In base 6, what is -2455152 - 14510?
-2514102
In base 4, what is -2103 + 21031023?
21022320
In base 15, what is 2 + a1a1ddb?
a1a1ddd
In base 12, what is 99a41b + 1?
99a420
In base 8, what is -33745631 + 5?
-33745624
In base 13, what is 5 + -bb9231?
-bb9229
In base 15, what is -20e8a9 + 2?
-20e8a7
In base 6, what is -311 - 114421223?
-114421534
In base 12, what is a786a4 - 7?
a78699
In base 12, what is -11053 - -1609?
-b646
In base 11, what is 139 - 141183?
-141045
In base 5, what is -20 - 1043242201?
-1043242221
In base 12, what is 19942b2 + -24?
199428a
In base 9, what is -60068 - 243?
-60322
In base 14, what is -6d3a5d8 - 2?
-6d3a5da
In base 3, what is -221100101 - -10?
-221100021
In base 12, what is 181 - 17131?
-16b70
In base 8, what is 734 + -1615247?
-1614313
In base 13, what is 25 - -368c95?
368cba
In base 5, what is 224424 + -1211?
223213
In base 12, what is -14 - -49b0338?
49b0324
In base 13, what is -545 + -6b96c?
-6c1b4
In base 5, what is -130210341201 - -2?
-130210341144
In base 8, what is -12702460220 - -4?
-12702460214
In base 6, what is -1 - 503345344?
-503345345
In base 16, what is -1bc64 - 1b?
-1bc7f
In base 8, what is 56423731 - -5?
56423736
In base 2, what is 1000011100110 + 11110010001?
1100001110111
In base 6, what is 2301 - -245135?
251440
In base 14, what is -68c4a0 - 2?
-68c4a2
In base 10, what is -1074290 + -4?
-1074294
In base 10, what is 11546364 + 4?
11546368
In base 14, what is 1224c447 + -3?
1224c444
In base 7, what is -4 + -554004416?
-554004423
In base 8, what is -3026034427 - 0?
-3026034427
In base 4, what is -131321 + 13203032?
13011111
In base 16, what is 72b8f9 - f?
72b8ea
In base 14, what is -479957c + -5?
-4799583
In base 15, what is 16e3a - -5298?
1c1d3
In base 9, what is -4 - 12450675?
-12450680
In base 13, what is -a50 + -25841?
-26591
In base 3, what is 2020 + -100210012111?
-100210010021
In base 14, what is 7 + 6da018?
6da021
In base 13, what is -1759 - -2677?
c1b
In base 14, what is 22587b + -6?
225875
In base 3, what is 2012111 + -1000102202?
-221020021
In base 8, what is 13 + -24274721?
-24274706
In base 6, what is 2 - 33103410?
-33103404
In base 7, what is 14 - 101423504?
-101423460
In base 8, what is 45711143 + -2?
45711141
In base 14, what is 16d5b4 + 91?
16d665
In base 4, what is -1310001033 - 22?
-1310001121
In base 13, what is 5 - -691597?
69159c
In base 10, what is -11479 - -5983?
-5496
In base 15, what is 5 + 906a5a?
906a60
In base 11, what is -77a69 + -561?
-7851a
In base 4, what is -1 - 1321011101321?
-1321011101322
In base 16, what is 88ee12 - b?
88ee07
In base 2, what is -100110011011011010010010101 + -10?
-100110011011011010010010111
In base 12, what is 4a672 - 21?
4a651
In base 10, what is -4549 + 149?
-4400
In base 4, what is -10312000 + -3100?
-10321100
In base 13, what is -5 - 70401?
-70406
In base 14, what is 0 - 37a39d2?
-37a39d2
In base 15, what is 14008 + 66a?
14673
In base 8, what is -53430174 - -5?
-53430167
In base 7, what is 201615142 + -56?
201615053
In base 11, what is -19 + 1836707?
1836699
In base 6, what is -32 + 4553035?
4553003
In base 6, what is 110 + 2301051?
2301201
In base 12, what is -a + 3307411?
3307403
In base 12, what is 136 + 4437a5?
44391b
In base 12, what is 0 - 6551897?
-6551897
In base 16, what is 266 - -8ccc4?
8cf2a
In base 16, what is -e + -9b5b2?
-9b5c0
In base 2, what is 110011000011000111100110010 - 100?
110011000011000